{"id":12039,"date":"2023-05-13T19:07:37","date_gmt":"2023-05-13T19:07:37","guid":{"rendered":"https:\/\/festivalmed.cm-loule.pt\/?page_id=12039"},"modified":"2025-04-29T12:20:54","modified_gmt":"2025-04-29T11:20:54","slug":"politica-de-privacidade","status":"publish","type":"page","link":"https:\/\/festivalmed.cm-loule.pt\/en\/politica-de-privacidade\/","title":{"rendered":"Privacy Policy"},"content":{"rendered":"<div class=\"vc_row wpb_row vc_row-fluid qodef-section vc_custom_1683054582807 qodef-content-aligment-left qodef-grid-section\" style=\"\"><div class=\"clearfix qodef-section-inner\"><div class=\"qodef-section-inner-margin clearfix\"><div class=\"wpb_column vc_column_container vc_col-sm-12\"><div class=\"vc_column-inner vc_custom_1622541582114\"><div class=\"wpb_wrapper\">\n\t\t\t<!-- START imagetoppages25 REVOLUTION SLIDER 6.5.11 --><p class=\"rs-p-wp-fix\"><\/p>\n\t\t\t<rs-module-wrap id=\"rev_slider_47_1_wrapper\" data-source=\"gallery\" style=\"visibility:hidden;background:transparent;padding:0;margin:0px auto;margin-top:0;margin-bottom:0;\">\n\t\t\t\t<rs-module id=\"rev_slider_47_1\" class=\" rs-ov-hidden\" style=\"\" data-version=\"6.5.11\">\n\t\t\t\t\t<rs-slides>\n\t\t\t\t\t\t<rs-slide style=\"position: absolute;\" data-key=\"rs-66\" data-title=\"Slide\" data-anim=\"ms:10;\" data-in=\"o:1;\" data-out=\"a:false;\">\n\t\t\t\t\t\t\t<img fetchpriority=\"high\" decoding=\"async\" src=\"\/\/festivalmed.cm-loule.pt\/wp-content\/plugins\/revslider\/public\/assets\/assets\/dummy.png\" title=\"img-site-bg\" width=\"2560\" height=\"2090\" class=\"rev-slidebg tp-rs-img rs-lazyload\" data-lazyload=\"\/\/festivalmed.cm-loule.pt\/wp-content\/uploads\/2016\/09\/img-site-bg-scaled.jpg\" data-parallax=\"3\" data-panzoom=\"d:13000;ss:100;se:110;\" data-no-retina>\n<!---->\t\t\t\t\t\t<\/rs-slide>\n\t\t\t\t\t<\/rs-slides>\n\t\t\t\t<\/rs-module>\n\t\t\t\t<script type=\"text\/javascript\">\n\t\t\t\t\tsetREVStartSize({c: 'rev_slider_47_1',rl:[1240,1024,778,480],el:[300,300,200,150],gw:[1300,800,600,300],gh:[300,300,200,150],type:'standard',justify:'',layout:'fullwidth',mh:\"0\"});if (window.RS_MODULES!==undefined && window.RS_MODULES.modules!==undefined && window.RS_MODULES.modules[\"revslider471\"]!==undefined) {window.RS_MODULES.modules[\"revslider471\"].once = false;window.revapi47 = undefined;if (window.RS_MODULES.checkMinimal!==undefined) window.RS_MODULES.checkMinimal()}\n\t\t\t\t<\/script>\n\t\t\t<\/rs-module-wrap>\n\t\t\t<!-- END REVOLUTION SLIDER -->\n<\/div><\/div><\/div><\/div><\/div><\/div><div class=\"vc_row wpb_row vc_row-fluid qodef-section vc_custom_1683128902837 qodef-content-aligment-left qodef-grid-section\" style=\"\"><div class=\"clearfix qodef-section-inner\"><div class=\"qodef-section-inner-margin clearfix\"><div class=\"wpb_column vc_column_container vc_col-sm-12\"><div class=\"vc_column-inner vc_custom_1622541582114\"><div class=\"wpb_wrapper\"><div class=\"qodef-separator-holder clearfix  qodef-separator-center\">\n\t<div class=\"qodef-separator\" ><\/div>\n<\/div>\n\n\t<div class=\"wpb_text_column wpb_content_element \" >\n\t\t<div class=\"wpb_wrapper\">\n\t\t\t<div class=\"aioseo-breadcrumbs\"><span class=\"aioseo-breadcrumb\">\n\t\t\tHome\n\t\t<\/span><\/div>\n\n\t\t<\/div>\n\t<\/div>\n<\/div><\/div><\/div><\/div><\/div><\/div><div class=\"vc_row wpb_row vc_row-fluid qodef-section vc_custom_1683129039972 qodef-content-aligment-left\" style=\"\"><div class=\"clearfix qodef-full-section-inner\"><div class=\"wpb_column vc_column_container vc_col-sm-12\"><div class=\"vc_column-inner\"><div class=\"wpb_wrapper\">\n\t<div class=\"wpb_text_column wpb_content_element \" >\n\t\t<div class=\"wpb_wrapper\">\n\t\t\t<h2>Pol\u00edtica de Privacidade<\/h2>\n\n\t\t<\/div>\n\t<\/div>\n\n\t<div class=\"wpb_text_column wpb_content_element  vc_custom_1745925273281\" >\n\t\t<div class=\"wpb_wrapper\">\n\t\t\t<p>A presente pol\u00edtica de privacidade destina-se ao utilizador que, ao aceder a este website, aceita esta Pol\u00edtica de Privacidade, pelo que se recomenda a sua pr\u00e9via leitura.<br \/>\nCaso n\u00e3o concorde com esta Pol\u00edtica de Privacidade, dever\u00e1 abster-se de aceder ao presente website.<\/p>\n<h4><strong>Dados pessoais e seu Tratamento<\/strong><\/h4>\n<p>A prote\u00e7\u00e3o dos cidad\u00e3os relativamente ao tratamento de dados pessoais \u00e9 um direito fundamental, que importa ser respeitado, em especial no que concerne \u00e0 sua privacidade.<\/p>\n<p>Neste sentido, em conformidade com a legisla\u00e7\u00e3o vigente sobre a prote\u00e7\u00e3o de dados pessoais, atrav\u00e9s da presente pol\u00edtica de privacidade, esclarecemos quais os dados pessoais recolhidos, para que finalidades s\u00e3o utilizados, prazo de conserva\u00e7\u00e3o, princ\u00edpios orientadores e quais os direitos que assistem aos titulares dos dados.<\/p>\n<p>Consideram-se dados pessoais todos e quaisquer dados relativos a pessoas singulares identificadas ou identific\u00e1veis, como o nome, morada, e-mail, idade, estado civil, dados de localiza\u00e7\u00e3o, gen\u00e9ticos, fisiol\u00f3gicos, econ\u00f3micos, culturais ou sociais.<\/p>\n<p>Os dados pessoais a inserir pelos utilizadores nos formul\u00e1rios existentes no website, consistem no nome, e-mail e telefone dos utilizadores, cuja finalidade \u00e9 a de receberem informa\u00e7\u00e3o sobre o Festival MED e\/ou contacto.<\/p>\n<p>Tais dados pessoais n\u00e3o ser\u00e3o registados em quaisquer bases de dados, sendo utilizados unicamente para responder aos pedidos de informa\u00e7\u00e3o\/pedidos de contacto efetuados pelos utilizadores, e conservados pelo prazo estritamente necess\u00e1rio para tal.<\/p>\n<p>No \u00e2mbito do tratamento dos seus dados pessoais, o respons\u00e1vel pelo tratamento dos dados salvaguarda que estes ser\u00e3o de acesso limitado aos trabalhadores dos servi\u00e7os municipais que tenham necessidade de os conhecer, no exerc\u00edcio das suas fun\u00e7\u00f5es e na estrita medida do necess\u00e1rio para a prossecu\u00e7\u00e3o da finalidade informativa e\/ou contacto.<\/p>\n<p>O Munic\u00edpio n\u00e3o se responsabiliza pelo tratamento de dados pessoais que foram livremente facultados pelos utilizadores a outros websites.<\/p>\n<p>Os princ\u00edpios orientadores no \u00e2mbito do tratamento dos dados pessoais, consistem designadamente, nos seguintes:<\/p>\n<ul>\n<li>Um tratamento l\u00edcito, leal e transparente em rela\u00e7\u00e3o ao titular dos dados;<\/li>\n<\/ul>\n<ul>\n<li>Assegurar que o tratamento dos dados do utilizador se destinam unicamente para a finalidade para os quais os mesmos foram recolhidos, n\u00e3o podendo ser tratados posteriormente de uma forma incompat\u00edvel com essa finalidade;<\/li>\n<\/ul>\n<ul>\n<li>Assumir o compromisso de respeitar o princ\u00edpio da minimiza\u00e7\u00e3o de dados, em que apenas se recolhe, utiliza e conserva os dados pessoais estritamente necess\u00e1rios ao desenvolvimento da sua atividade e de informa\u00e7\u00e3o dos cidad\u00e3os;<\/li>\n<\/ul>\n<ul>\n<li>A n\u00e3o divulga\u00e7\u00e3o, ced\u00eancia ou partilha dos dados pessoais do utilizador deste website para fins comerciais ou de publicidade;<\/li>\n<\/ul>\n<ul>\n<li>Assegurar que os dados s\u00e3o tratados de uma forma que garanta a sua seguran\u00e7a, incluindo a prote\u00e7\u00e3o contra o seu tratamento n\u00e3o autorizado ou il\u00edcito e contra a sua perda, destrui\u00e7\u00e3o ou danifica\u00e7\u00e3o acidental.<\/li>\n<\/ul>\n<p>Neste contexto, importa que o utilizador, na qualidade de titular de dados, saiba os direitos que lhe assistem no \u00e2mbito da legisla\u00e7\u00e3o vigente sobre a prote\u00e7\u00e3o de dados pessoais, e que consistem essencialmente nos seguintes:<\/p>\n<p><strong>Direito a ser informado<\/strong>\u00a0\u2013\u00a0 o titular dos dados tem o direito a ser informado, de forma clara, simples e transparente sobre o tratamento dos seus Dados Pessoais a efetuar ou efetuado pelo respons\u00e1vel pelo tratamento dos dados.<\/p>\n<p><strong>Direito de acesso<\/strong>\u00a0&#8211; o titular dos dados tem o direito de aceder aos dados pessoais que lhe digam respeito.<\/p>\n<p><strong>Direito de retifica\u00e7\u00e3o<\/strong>\u00a0 &#8211; caso verifique que os dados pessoais sobre si se encontram incorretos, incompletos ou inexatos, o titular dos dados pode solicitar a sua corre\u00e7\u00e3o ou retifica\u00e7\u00e3o.<\/p>\n<p><strong>Direito de oposi\u00e7\u00e3o<\/strong>\u00a0&#8211; o titular dos dados tem o direito de se opor ao tratamento de dados por parte do respons\u00e1vel pelo tratamento dos dados. No entanto, os fundamentos legais ou de interesse p\u00fablico poder\u00e3o prevalecer sobre o seu direito de oposi\u00e7\u00e3o.<\/p>\n<p><strong>Direito de limita\u00e7\u00e3o<\/strong>\u00a0&#8211; o titular dos dados pode solicitar a limita\u00e7\u00e3o do tratamento dos seus dados pessoais a certas categorias de dados ou finalidades de tratamento. No entanto, os fundamentos legais ou de interesse p\u00fablico poder\u00e3o prevalecer sobre o este direito.<\/p>\n<p><strong>Direito ao apagamento dos dados pessoais ou &#8220;direito a ser esquecido&#8221;<\/strong>\u00a0\u2013\u00a0 o titular dos dados pode pedir ao respons\u00e1vel pelo tratamento de dados o apagamento dos seus dados pessoais, se n\u00e3o existirem fundamentos legais ou de interesse p\u00fablico que justifiquem a conserva\u00e7\u00e3o daqueles dados pessoais.<\/p>\n<p><strong>Direito a retirar o consentimento\u00a0<\/strong>&#8211; sempre que o tratamento dos seus dados pessoais seja efetuado com base no seu consentimento, o titular dos dados pode solicitar ao respons\u00e1vel pelo tratamento que deixe de efetuar esse tratamento. Neste caso, o titular dos dados tem o direito de retirar o consentimento prestado, a todo o tempo, sem, no entanto, comprometer a validade do tratamento de dados efetuado at\u00e9 esse momento.<\/p>\n<p><strong>Direito \u00e0 portabilidade<\/strong>\u00a0\u2013 o titular dos dados tem o direito a receber os dados pessoais que lhe digam respeito, em formato digital de uso corrente e de leitura autom\u00e1tica ou solicitar a transmiss\u00e3o direta dos seus dados para outra entidade, mas neste caso apenas se for tecnicamente poss\u00edvel.<br \/>\nPara poder exercer qualquer um destes direitos, ou simplesmente, obter mais informa\u00e7\u00f5es a respeito da presente pol\u00edtica de privacidade, o utilizador poder\u00e1 contactar o respons\u00e1vel pelo tratamento dos dados, Munic\u00edpio de Loul\u00e9, atrav\u00e9s dos contactos geral@cm-loule.pt, dpo@cm-loule.pt , telefone: 289-400600, Fax: 289-415557 \u2013 Pra\u00e7a da Rep\u00fablica, 8104-001 Loul\u00e9).<\/p>\n<p>Para esclarecer todas as quest\u00f5es relacionadas com o tratamento dos seus dados pessoais e exerc\u00edcio dos seus direitos enquanto titular de dados pessoais, poder\u00e1 tamb\u00e9m contactar o Encarregado de Prote\u00e7\u00e3o dos Dados, atrav\u00e9s do email dpo@cm-loule.pt .<\/p>\n<p>Sem preju\u00edzo de poder apresentar reclama\u00e7\u00f5es diretamente ao respons\u00e1vel pelo tratamento dos dados (Munic\u00edpio de Loul\u00e9) atrav\u00e9s dos contactos atr\u00e1s indicados, o titular dos dados tem ainda o direito de, caso assim o entenda, reclamar diretamente para a Comiss\u00e3o Nacional de Prote\u00e7\u00e3o de Dados (CNPD), Autoridade de Controlo, utilizando os contactos disponibilizados por esta entidade para o efeito.<\/p>\n<p>No caso de existir uma viola\u00e7\u00e3o de dados pessoais, o respons\u00e1vel pelo tratamento de dados est\u00e1 obrigado a notificar a autoridade nacional de prote\u00e7\u00e3o de dados \u2013 CNPD \u2013Comiss\u00e3o Nacional de Prote\u00e7\u00e3o de Dados \u2013 sem demora justificada e, sempre que poss\u00edvel, at\u00e9 72 horas ap\u00f3s ter tido conhecimento da mesma, salvo se, a viola\u00e7\u00e3o dos dados pessoais n\u00e3o for suscet\u00edvel de resultar num risco para os direitos e liberdades dos titulares dos dados.<\/p>\n<h4><strong>Altera\u00e7\u00f5es \u00e0 Pol\u00edtica de Privacidade<\/strong><\/h4>\n<p>A Pol\u00edtica de Privacidade do Website do Festival MED poder\u00e1 ser objeto de altera\u00e7\u00e3o pelo Munic\u00edpio de Loul\u00e9, a qualquer altura e sem aviso pr\u00e9vio, identificando-se a respetiva data de altera\u00e7\u00e3o, pelo que \u00e9 conveniente que o utilizador a consulte regularmente, para se manter informado sobre o modo como est\u00e3o a ser protegidos os seus dados pessoais e os direitos que lhe assistem.<\/p>\n\n\t\t<\/div>\n\t<\/div>\n<\/div><\/div><\/div><\/div><\/div>\n","protected":false},"excerpt":{"rendered":"Home Pol\u00edtica de Privacidade A presente pol\u00edtica de privacidade destina-se ao utilizador que, ao aceder a este website, aceita esta...","protected":false},"author":2,"featured_media":0,"parent":0,"menu_order":0,"comment_status":"closed","ping_status":"closed","template":"","meta":{"inline_featured_image":false,"_monsterinsights_skip_tracking":false,"_monsterinsights_sitenote_active":false,"_monsterinsights_sitenote_note":"","_monsterinsights_sitenote_category":0,"footnotes":""},"categories":[],"tags":[],"folder":[],"class_list":["post-12039","page","type-page","status-publish","hentry"],"aioseo_notices":[],"_links":{"self":[{"href":"https:\/\/festivalmed.cm-loule.pt\/en\/wp-json\/wp\/v2\/pages\/12039","targetHints":{"allow":["GET"]}}],"collection":[{"href":"https:\/\/festivalmed.cm-loule.pt\/en\/wp-json\/wp\/v2\/pages"}],"about":[{"href":"https:\/\/festivalmed.cm-loule.pt\/en\/wp-json\/wp\/v2\/types\/page"}],"author":[{"embeddable":true,"href":"https:\/\/festivalmed.cm-loule.pt\/en\/wp-json\/wp\/v2\/users\/2"}],"replies":[{"embeddable":true,"href":"https:\/\/festivalmed.cm-loule.pt\/en\/wp-json\/wp\/v2\/comments?post=12039"}],"version-history":[{"count":7,"href":"https:\/\/festivalmed.cm-loule.pt\/en\/wp-json\/wp\/v2\/pages\/12039\/revisions"}],"predecessor-version":[{"id":15622,"href":"https:\/\/festivalmed.cm-loule.pt\/en\/wp-json\/wp\/v2\/pages\/12039\/revisions\/15622"}],"wp:attachment":[{"href":"https:\/\/festivalmed.cm-loule.pt\/en\/wp-json\/wp\/v2\/media?parent=12039"}],"wp:term":[{"taxonomy":"category","embeddable":true,"href":"https:\/\/festivalmed.cm-loule.pt\/en\/wp-json\/wp\/v2\/categories?post=12039"},{"taxonomy":"post_tag","embeddable":true,"href":"https:\/\/festivalmed.cm-loule.pt\/en\/wp-json\/wp\/v2\/tags?post=12039"},{"taxonomy":"folder","embeddable":true,"href":"https:\/\/festivalmed.cm-loule.pt\/en\/wp-json\/wp\/v2\/folder?post=12039"}],"curies":[{"name":"wp","href":"https:\/\/api.w.org\/{rel}","templated":true}]}}

<div class="vc_row wpb_row vc_row-fluid qodef-section vc_custom_1683054582807 qodef-content-aligment-left qodef-grid-section" style=""><div class="clearfix qodef-section-inner"><div class="qodef-section-inner-margin clearfix"><div class="wpb_column vc_column_container vc_col-sm-12"><div class="vc_column-inner vc_custom_1622541582114"><div class="wpb_wrapper">
			<!-- START imagetoppages25 REVOLUTION SLIDER 6.5.11 --><p class="rs-p-wp-fix"></p>
			<rs-module-wrap id="rev_slider_47_1_wrapper" data-source="gallery" style="visibility:hidden;background:transparent;padding:0;margin:0px auto;margin-top:0;margin-bottom:0;">
				<rs-module id="rev_slider_47_1" class=" rs-ov-hidden" style="" data-version="6.5.11">
					<rs-slides>
						<rs-slide style="position: absolute;" data-key="rs-66" data-title="Slide" data-anim="ms:10;" data-in="o:1;" data-out="a:false;">
							<img fetchpriority="high" decoding="async" src="//festivalmed.cm-loule.pt/wp-content/plugins/revslider/public/assets/assets/dummy.png" title="img-site-bg" width="2560" height="2090" class="rev-slidebg tp-rs-img rs-lazyload" data-lazyload="//festivalmed.cm-loule.pt/wp-content/uploads/2016/09/img-site-bg-scaled.jpg" data-parallax="3" data-panzoom="d:13000;ss:100;se:110;" data-no-retina>
<!---->						</rs-slide>
					</rs-slides>
				</rs-module>
				<script type="text/javascript">
					setREVStartSize({c: 'rev_slider_47_1',rl:[1240,1024,778,480],el:[300,300,200,150],gw:[1300,800,600,300],gh:[300,300,200,150],type:'standard',justify:'',layout:'fullwidth',mh:"0"});if (window.RS_MODULES!==undefined && window.RS_MODULES.modules!==undefined && window.RS_MODULES.modules["revslider471"]!==undefined) {window.RS_MODULES.modules["revslider471"].once = false;window.revapi47 = undefined;if (window.RS_MODULES.checkMinimal!==undefined) window.RS_MODULES.checkMinimal()}
				</script>
			</rs-module-wrap>
			<!-- END REVOLUTION SLIDER -->
</div></div></div></div></div></div><div class="vc_row wpb_row vc_row-fluid qodef-section vc_custom_1683128902837 qodef-content-aligment-left qodef-grid-section" style=""><div class="clearfix qodef-section-inner"><div class="qodef-section-inner-margin clearfix"><div class="wpb_column vc_column_container vc_col-sm-12"><div class="vc_column-inner vc_custom_1622541582114"><div class="wpb_wrapper"><div class="qodef-separator-holder clearfix  qodef-separator-center">
	<div class="qodef-separator" ></div>
</div>

	<div class="wpb_text_column wpb_content_element " >
		<div class="wpb_wrapper">
			<div class="aioseo-breadcrumbs"><span class="aioseo-breadcrumb">
			Home
		</span></div>

		</div>
	</div>
</div></div></div></div></div></div><div class="vc_row wpb_row vc_row-fluid qodef-section vc_custom_1683129039972 qodef-content-aligment-left" style=""><div class="clearfix qodef-full-section-inner"><div class="wpb_column vc_column_container vc_col-sm-12"><div class="vc_column-inner"><div class="wpb_wrapper">
	<div class="wpb_text_column wpb_content_element " >
		<div class="wpb_wrapper">
			<h2>Política de Privacidade</h2>

		</div>
	</div>

	<div class="wpb_text_column wpb_content_element  vc_custom_1745925273281" >
		<div class="wpb_wrapper">
			<p>A presente política de privacidade destina-se ao utilizador que, ao aceder a este website, aceita esta Política de Privacidade, pelo que se recomenda a sua prévia leitura.<br />
Caso não concorde com esta Política de Privacidade, deverá abster-se de aceder ao presente website.</p>
<h4><strong>Dados pessoais e seu Tratamento</strong></h4>
<p>A proteção dos cidadãos relativamente ao tratamento de dados pessoais é um direito fundamental, que importa ser respeitado, em especial no que concerne à sua privacidade.</p>
<p>Neste sentido, em conformidade com a legislação vigente sobre a proteção de dados pessoais, através da presente política de privacidade, esclarecemos quais os dados pessoais recolhidos, para que finalidades são utilizados, prazo de conservação, princípios orientadores e quais os direitos que assistem aos titulares dos dados.</p>
<p>Consideram-se dados pessoais todos e quaisquer dados relativos a pessoas singulares identificadas ou identificáveis, como o nome, morada, e-mail, idade, estado civil, dados de localização, genéticos, fisiológicos, económicos, culturais ou sociais.</p>
<p>Os dados pessoais a inserir pelos utilizadores nos formulários existentes no website, consistem no nome, e-mail e telefone dos utilizadores, cuja finalidade é a de receberem informação sobre o Festival MED e/ou contacto.</p>
<p>Tais dados pessoais não serão registados em quaisquer bases de dados, sendo utilizados unicamente para responder aos pedidos de informação/pedidos de contacto efetuados pelos utilizadores, e conservados pelo prazo estritamente necessário para tal.</p>
<p>No âmbito do tratamento dos seus dados pessoais, o responsável pelo tratamento dos dados salvaguarda que estes serão de acesso limitado aos trabalhadores dos serviços municipais que tenham necessidade de os conhecer, no exercício das suas funções e na estrita medida do necessário para a prossecução da finalidade informativa e/ou contacto.</p>
<p>O Município não se responsabiliza pelo tratamento de dados pessoais que foram livremente facultados pelos utilizadores a outros websites.</p>
<p>Os princípios orientadores no âmbito do tratamento dos dados pessoais, consistem designadamente, nos seguintes:</p>
<ul>
<li>Um tratamento lícito, leal e transparente em relação ao titular dos dados;</li>
</ul>
<ul>
<li>Assegurar que o tratamento dos dados do utilizador se destinam unicamente para a finalidade para os quais os mesmos foram recolhidos, não podendo ser tratados posteriormente de uma forma incompatível com essa finalidade;</li>
</ul>
<ul>
<li>Assumir o compromisso de respeitar o princípio da minimização de dados, em que apenas se recolhe, utiliza e conserva os dados pessoais estritamente necessários ao desenvolvimento da sua atividade e de informação dos cidadãos;</li>
</ul>
<ul>
<li>A não divulgação, cedência ou partilha dos dados pessoais do utilizador deste website para fins comerciais ou de publicidade;</li>
</ul>
<ul>
<li>Assegurar que os dados são tratados de uma forma que garanta a sua segurança, incluindo a proteção contra o seu tratamento não autorizado ou ilícito e contra a sua perda, destruição ou danificação acidental.</li>
</ul>
<p>Neste contexto, importa que o utilizador, na qualidade de titular de dados, saiba os direitos que lhe assistem no âmbito da legislação vigente sobre a proteção de dados pessoais, e que consistem essencialmente nos seguintes:</p>
<p><strong>Direito a ser informado</strong> –  o titular dos dados tem o direito a ser informado, de forma clara, simples e transparente sobre o tratamento dos seus Dados Pessoais a efetuar ou efetuado pelo responsável pelo tratamento dos dados.</p>
<p><strong>Direito de acesso</strong> &#8211; o titular dos dados tem o direito de aceder aos dados pessoais que lhe digam respeito.</p>
<p><strong>Direito de retificação</strong>  &#8211; caso verifique que os dados pessoais sobre si se encontram incorretos, incompletos ou inexatos, o titular dos dados pode solicitar a sua correção ou retificação.</p>
<p><strong>Direito de oposição</strong> &#8211; o titular dos dados tem o direito de se opor ao tratamento de dados por parte do responsável pelo tratamento dos dados. No entanto, os fundamentos legais ou de interesse público poderão prevalecer sobre o seu direito de oposição.</p>
<p><strong>Direito de limitação</strong> &#8211; o titular dos dados pode solicitar a limitação do tratamento dos seus dados pessoais a certas categorias de dados ou finalidades de tratamento. No entanto, os fundamentos legais ou de interesse público poderão prevalecer sobre o este direito.</p>
<p><strong>Direito ao apagamento dos dados pessoais ou &#8220;direito a ser esquecido&#8221;</strong> –  o titular dos dados pode pedir ao responsável pelo tratamento de dados o apagamento dos seus dados pessoais, se não existirem fundamentos legais ou de interesse público que justifiquem a conservação daqueles dados pessoais.</p>
<p><strong>Direito a retirar o consentimento </strong>&#8211; sempre que o tratamento dos seus dados pessoais seja efetuado com base no seu consentimento, o titular dos dados pode solicitar ao responsável pelo tratamento que deixe de efetuar esse tratamento. Neste caso, o titular dos dados tem o direito de retirar o consentimento prestado, a todo o tempo, sem, no entanto, comprometer a validade do tratamento de dados efetuado até esse momento.</p>
<p><strong>Direito à portabilidade</strong> – o titular dos dados tem o direito a receber os dados pessoais que lhe digam respeito, em formato digital de uso corrente e de leitura automática ou solicitar a transmissão direta dos seus dados para outra entidade, mas neste caso apenas se for tecnicamente possível.<br />
Para poder exercer qualquer um destes direitos, ou simplesmente, obter mais informações a respeito da presente política de privacidade, o utilizador poderá contactar o responsável pelo tratamento dos dados, Município de Loulé, através dos contactos geral@cm-loule.pt, dpo@cm-loule.pt , telefone: 289-400600, Fax: 289-415557 – Praça da República, 8104-001 Loulé).</p>
<p>Para esclarecer todas as questões relacionadas com o tratamento dos seus dados pessoais e exercício dos seus direitos enquanto titular de dados pessoais, poderá também contactar o Encarregado de Proteção dos Dados, através do email dpo@cm-loule.pt .</p>
<p>Sem prejuízo de poder apresentar reclamações diretamente ao responsável pelo tratamento dos dados (Município de Loulé) através dos contactos atrás indicados, o titular dos dados tem ainda o direito de, caso assim o entenda, reclamar diretamente para a Comissão Nacional de Proteção de Dados (CNPD), Autoridade de Controlo, utilizando os contactos disponibilizados por esta entidade para o efeito.</p>
<p>No caso de existir uma violação de dados pessoais, o responsável pelo tratamento de dados está obrigado a notificar a autoridade nacional de proteção de dados – CNPD –Comissão Nacional de Proteção de Dados – sem demora justificada e, sempre que possível, até 72 horas após ter tido conhecimento da mesma, salvo se, a violação dos dados pessoais não for suscetível de resultar num risco para os direitos e liberdades dos titulares dos dados.</p>
<h4><strong>Alterações à Política de Privacidade</strong></h4>
<p>A Política de Privacidade do Website do Festival MED poderá ser objeto de alteração pelo Município de Loulé, a qualquer altura e sem aviso prévio, identificando-se a respetiva data de alteração, pelo que é conveniente que o utilizador a consulte regularmente, para se manter informado sobre o modo como estão a ser protegidos os seus dados pessoais e os direitos que lhe assistem.</p>

		</div>
	</div>
</div></div></div></div></div>

Home Política de Privacidade A presente política de privacidade destina-se ao utilizador que, ao aceder a este website, aceita esta...
